ermine n(5).
-1
Suppose 0 + 18 = 3*a. Suppose 4 = -p + 2*j - a, -p - j = -2. Let y(d) = -d**2 - 4*d + 1. What is y(p)?
5
Let m(f) = 325*f + 4 - 162*f - f**2 - 171*f. What is m(-7)?
11
Let t(s) = -2*s**2 - 6*s. Let w be ((-16)/10)/((-6)/(-15)). What is t(w)?
-8
Let v(d) = -d**3 - 4*d**2 - 2*d - 4. Let h = 6 - 3. Suppose -12 = -h*t, 4*w - 4*t + 6 = -22. Calculate v(w).
-7
Let p(h) = h - h**3 - 44*h**2 + 3 + h + 46*h**2 + 0*h. Determine p(3).
0
Let y(x) = -x**3 - 4*x**2 - 2*x - 2. Suppose -d = d. Let g be 4 + 3*1/3. Suppose d*b + 15 = -g*b. What is y(b)?
-5
Suppose 5*g + 7 = -2*q, 2*g - g + 6 = -5*q. Let y(b) = b**3 + 2*b**2 + 2. Let w be y(-2). Let i(p) = w*p**2 + 1 - 3 - 2*p + 1 + 0*p. What is i(q)?
3
Let y(h) = h - 9*h - 4*h + 2*h + 1. What is y(1)?
-9
Suppose -3*z = -6*z + 18. Let o be -2 - 2/(z/(-3)). Let i(r) = -1. Let x(w) = -w + 2. Let d(n) = -5*i(n) - 2*x(n). Calculate d(o).
-1
Let i(a) = a**3 - 16*a**2 - 9*a + 2. Let p(t) = -2*t**2 - t + 1. Let d(f) = i(f) - 6*p(f). What is d(4)?
-16
Let u(k) = -2*k - 8. Suppose 2*i = 5*r + 12 + 19, 14 = -2*i - 4*r. Let w(t) = 2*t - 2. Let z be w(i). Suppose 2*x - z*x - 12 = 0. Determine u(x).
4
Let l(k) = -7 + k**3 - k**2 - 1 + 0 - k. Let x be (-7 - -3)/(-1*2). Suppose -6 = 3*r + 2*a, x*r - r + 3*a = -9. Calculate l(r).
-8
Let y(x) = -x**2 + 4*x + 7. Let f be y(5). Let v(m) = 0*m + 0*m**2 - 3*m + m**2 + 1. What is v(f)?
-1
Suppose -1 = -4*g + 15. Let p(r) be the third derivative of 1/15*r**5 - 1/120*r**6 + 1/6*r**g + 0*r + 0*r**3 - 2*r**2 + 0. Determine p(5).
-5
Let h(f) = 0*f**2 - 8 + 10 + 4*f + f**2 + f. Determine h(-3).
-4
Let l(t) = -5*t**2 + t + 2. Let w(s) be the third derivative of -s**5/15 + s**4/12 + s**3/6 + s**2. Let v(o) = -3*l(o) + 4*w(o). Calculate v(2).
4
Let h(o) = -o**3 + 6*o**2 - 5*o + 2. Let s be h(5). Suppose -s*d = -d + 3. Let x(z) = 4 + 3*z**2 + z + 0*z**3 + z**3 - 2*z. Give x(d).
7
Let l(a) = 2*a**3 - 2*a**2 + a + 1. Suppose 3*v = 14 - 8. Calculate l(v).
11
Let w(g) = 4*g + g**2 + 30 - 24 + 3*g + 2*g. What is w(-7)?
-8
Let x(m) = -5*m + 1. Let j = -7 - -9. Determine x(j).
-9
Let b(m) = -4*m - 2. Let n be (5 - 6) + 8/1. Suppose -5*s = -2 + n. Let r be -1 + (2 - (4 + s)). Calculate b(r).
6
Let q(k) = k + 2. Let d(o) = o**3 - 5*o**2 + 5*o - 2. Let h be d(3). Determine q(h).
-3
Let r(q) = -5*q**3 - 12*q**2 - 9*q - 5. Let u(x) = 3*x**3 + 6*x**2 + 5*x + 3. Let m(v) = -4*r(v) - 7*u(v). Determine m(6).
5
Let y(j) = -2*j**3 - 3*j**2 - j - 1. Let u(f) = -6*f**3 - 8*f**2 - 3*f - 3. Let t(d) = -4*u(d) + 11*y(d). Give t(-1).
-3
Suppose 2*u - 15 = -5*w, w - 5*u = 3 - 0. Let v(l) = l**3 - w*l**3 + 3 + 3*l**3 + 2*l + 2*l**2. Determine v(-2).
-1
Let t(u) = -u**3 - 2*u**2 + u. Let z be ((-2)/(-6))/((-13)/117). Calculate t(z).
6
Let c(h) = -6*h + 2*h**2 + 14 - h**2 - 14. What is c(6)?
0
Let s(z) be the second derivative of -z**4/12 - 2*z**3/3 + 3*z**2/2 - z. Determine s(-6).
-9
Let b be (-2 + 2)/(-10 - -13). Let s(a) = a. Give s(b).
0
Let x(q) = -q**3 - 3*q**2 - 2*q - 3. Let y be x(-3). Let g = 0 + y. Let w(m) = 2*m**3 + m - 1 - 10*m**g - m**3 + m**2. Determine w(1).
-8
Let g(x) = x**2 + 8*x + 9. Let w be g(-6). Let p(i) = -3*i**2 - 5*i - 3. Let z(l) = -4*l**2 - 6*l - 3. Let m(d) = -5*p(d) + 4*z(d). What is m(w)?
-9
Suppose 0 = -3*l, 2*m - 6*l = -4*l - 12. Let t(n) = -3*n - 5. Give t(m).
13
Let y(z) = -z**2 - 4*z - 3. Let b be y(-3). Let d(x) = -6*x + b - 1 + 2*x. What is d(-1)?
3
Let k(d) be the first derivative of d**3 - 1 + 0*d + 0*d**2 + 0*d**4 - 1/120*d**5. Let a(l) be the third derivative of k(l). Determine a(-3).
3
Let d(c) = 2*c**2 + 3*c - 3. Let m = 100 + -104. What is d(m)?
17
Let q(p) = p - 12. Let r be (2 - 3)*(-20)/2. Let n be q(r). Let u(t) = -t**2. Let a(o) = -2*o**3 - 10*o**2 - 4*o - 2. Let c(h) = a(h) - 6*u(h). Give c(n).
6
Let y be (1 + -2)/1*0. Let n(i) be the first derivative of -6 + 1/4*i**4 - 1/3*i**3 - 3*i + 1/2*i**2. What is n(y)?
-3
Let w be 4/(-18) - 10/(-45). Suppose w*q - 2 = q. Let z(j) = -j**3 - 4*j**2 - 2*j + 1. Determine z(q).
-3
Let j(h) = h**3 - 4*h + 0*h - 4*h + 3 - 5*h**2. Let g be j(6). Let u = g - -3. Let l(a) = -a**3 - 7*a**2 - 8*a - 6. Calculate l(u).
6
Let a(t) = -3*t + 22. Let w(v) = -4*v + 33. Let n(r) = 7*a(r) - 5*w(r). Suppose 4*y - 3*d = -8, 4*y - 4*d - 1 = -5. Give n(y).
-6
Let g = -17 - -24. Let a(f) be the first derivative of -1/4*f**4 + 2 - 1/2*f**2 + g*f - 1/3*f**3. Determine a(0).
7
Suppose -3*o + 61 = 1. Let v be o/12 - (-1)/3. Let n(r) = 0*r + 2*r**2 - 3*r + v + r + 3*r. What is n(-2)?
8
Let d(v) = 7*v - 8. Let k(b) = 8*b - 9. Suppose -3*f + 16 = a, -5*f + 14 = -2*a - 20. Let m(p) = f*d(p) - 5*k(p). Determine m(4).
5
Let t(a) = a**2 - 3*a. Let u(x) = -x**2 + 3*x. Let z = -4 + 1. Let h(c) = z*t(c) - 2*u(c). Suppose 17 = 4*o + 1. What is h(o)?
-4
Let i be 1/3 + 5/(-15). Let z(d) = -d + 9. What is z(i)?
9
Let a = 1 + -1. Let v(g) be the third derivative of -1/120*g**6 + 1/24*g**4 + 1/60*g**5 + 0 - 3/2*g**3 - g**2 + 0*g. What is v(a)?
-9
Let g(o) = o**3 + o**2 - o + 1. Suppose 0 = h + h. What is g(h)?
1
Let m(f) be the second derivative of -f**5/20 + 5*f**4/12 + f**3/3 - 7*f**2/2 + 15*f. Let z = 10 + -5. Give m(z).
3
Let r(w) be the second derivative of 0 - 2/3*w**3 - 1/6*w**4 + w**2 - 2*w - 1/60*w**5. Let y(b) be the first derivative of r(b). What is y(-3)?
-1
Let f(g) = -5*g**3 + 7*g**2 - 5*g + 3. Let h(t) = 4*t**3 - 6*t**2 + 4*t - 3. Suppose 0*o = 4*o - 12. Let k(z) = o*f(z) + 4*h(z). Give k(3).
0
Let y(i) = -i - 7. Let m be y(-7). Let v(c) = m + 4 - 3*c + 2*c. What is v(4)?
0
Let u be 321/(-9) - 4/(-6). Let k = u - -24. Let v(t) = -5*t**2 - 25*t - 26. Let x(z) = z**2 + 5*z + 5. Let g(w) = k*x(w) - 2*v(w). What is g(-4)?
1
Let o(w) = 3*w - 4. Let s(h) = 4*h + 1. Let u be s(1). Calculate o(u).
11
Let d(m) be the third derivative of -1/12*m**4 + 0 + 0*m - 5*m**2 - 1/20*m**5 - 1/6*m**3. Give d(-2).
-9
Let o(v) = v + 2. Let d(b) = -b**2 + 7*b + 4. Let g be d(7). Suppose 2*t = 5*k + 21, -g*t + 16 = -4*k - 8. Give o(t).
5
Let w(m) = -m**3 - m**2 + 2*m. Let s(z) = -2*z. Suppose -2 = -a - 3. Let q be s(a). Determine w(q).
-8
Let t(g) be the first derivative of 0*g + 1/6*g**3 + 4 + 1/60*g**5 + 5/24*g**4 - 3/2*g**2. Let s(x) be the second derivative of t(x). What is s(-5)?
1
Let u(t) be the first derivative of t**3/3 + 2*t**2 + 3*t - 2. Calculate u(-4).
3
Let x(f) = -f**3 + 7*f**2 - 3*f - 1. Let d(l) = -7*l**3 - 1. Let w be d(-1). Determine x(w).
17
Suppose 0 = -7*n + n. Let f(p) = p - 4. Determine f(n).
-4
Let t(f) be the first derivative of f**5/60 - f**4/24 + f**3 + f**2/2 - 1. Let p(m) be the second derivative of t(m). Determine p(0).
6
Let h(p) = -2*p - 6. Let k(d) = -6*d. Let j be 2 - 1/4*4. Let f be k(j). Calculate h(f).
6
Let b(t) = 2*t + 4. Let v = 19 - 22. What is b(v)?
-2
Let r be (-2)/(-8) - (-26)/(-8). Let m(c) = -c**2 - c - 1. Determine m(r).
-7
Let a(y) be the first derivative of y**2/2 - 6*y - 17. Determine a(4).
-2
Let z(u) be the second derivative of -u**4/12 - 2*u**3/3 - 9*u**2/2 + u. Let k(d) = -2*d**2 - 8*d - 19. Let g(m) = 6*k(m) - 13*z(m). Give g(-5).
8
Let k(d) = -1 + 10 + 4*d - 10. Determine k(-3).
-13
Let k(m) = 5*m + m**2 - 3*m**2 + 5 - 1 - m**2 - m**3. Give k(-3).
-11
Suppose -3*d = -2*l - 23, -5*d + 2*l + 26 = -7. Let w(j) = -j**3 + 6*j**2 - 5*j - 4. Determine w(d).
-4
Let w(z) = -2*z - 4. Let h be w(-5). Let x be (-28)/(-12) + (-2)/h. Let v(q) = -2*q**3 - q + x*q + 1 + 2*q. Calculate v(-2).
11
Let a be 0 + (1 - 0/1). Let n(s) = 3*s**3 - 5*s**2 + 5*s. Let b(u) = 4*u**3 - 4*u**2 + 4*u. Let p(y) = -5*b(y) + 4*n(y). What is p(a)?
-8
Suppose 5*i + 9 + 6 = 0. Let z(t) = -t**2 - 2*t + 2. Give z(i).
-1
Let i be 0 + -1 + -2*1. Let l(m) be the third derivative of -1/8*m**4 + 0*m**3 + 3*m**2 + 0 + 0*m. Determine l(i).
9
Let d(b) be the first derivative of b**4/12 - b**3/2 - 2*b**2 + 2*b + 1. Let i(f) be the first derivative of d(f). Give i(4).
0
Let n(w) be the second derivative of w**5/20 + w**3/6 + w**2/2 + 6*w. What is n(0)?
1
Let z(m) = -m - 3. Suppose -5*a + 2*o = -10, -o - o = 2*a + 10. Give z(a).
-3
Let a(n) = 11*n**3 + 2*n**2 - n**3 - 6 - 11*n**3 + 3*n + 2*n**2. What is a(4)?
6
Let f(r) = 4*r**2 - r + 2. Let t(v) be the first derivative of -5*v**3/3 + v**2 - 2*v - 5. Let d(c) = -6*f(c) - 5*t(c). What is d(5)?
3
Let n be (1 -